9
What are the prime factors of 94760?
2, 5, 23, 103
What are the prime factors of 8646?
2, 3, 11, 131
What are the prime factors of 3477?
3, 19, 61
What are the prime factors of 12531?
3, 4177
What are the prime factors of 43425?
3, 5, 193
List the prime factors of 1543.
1543
What are the prime factors of 1536?
2, 3
What are the prime factors of 8911?
7, 19, 67
What are the prime factors of 2227?
17, 131
List the prime factors of 1773.
3, 197
List the prime factors of 9599.
29, 331
List the prime factors of 18587.
18587
List the prime factors of 21686.
2, 7, 1549
List the prime factors of 172.
2, 43
What are the prime factors of 1033?
1033
List the prime factors of 10068.
2, 3, 839
What are the prime factors of 76775?
5, 37, 83
List the prime factors of 1209.
3, 13, 31
What are the prime factors of 22859?
22859
List the prime factors of 11870.
2, 5, 1187
What are the prime factors of 16119?
3, 199
What are the prime factors of 26208?
2, 3, 7, 13
List the prime factors of 1344.
2, 3, 7
List the prime factors of 8768.
2, 137
List the prime factors of 1036.
2, 7, 37
List the prime factors of 15422.
2, 11, 701
List the prime factors of 1783.
1783
List the prime factors of 57241.
57241
List the prime factors of 13021.
29, 449
What are the prime factors of 3532?
2, 883
List the prime factors of 11481.
3, 43, 89
What are the prime factors of 8805?
3, 5, 587
List the prime factors of 1168.
2, 73
List the prime factors of 2586.
2, 3, 431
What are the prime factors of 4734?
2, 3, 263
List the prime factors of 27818.
2, 7, 1987
What are the prime factors of 1932?
2, 3, 7, 23
List the prime factors of 85898.
2, 29, 1481
What are the prime factors of 75?
3, 5
List the prime factors of 28973.
7, 4139
List the prime factors of 1974.
2, 3, 7, 47
List the prime factors of 983.
983
List the prime factors of 2156.
2, 7, 11
What are the prime factors of 9942?
2, 3, 1657
List the prime factors of 864.
2, 3
List the prime factors of 28268.
2, 37, 191
List the prime factors of 3053.
43, 71
List the prime factors of 22795.
5, 47, 97
What are the prime factors of 74552?
2, 9319
List the prime factors of 87355.
5, 17471
List the prime factors of 655.
5, 131
What are the prime factors of 7606?
2, 3803
List the prime factors of 8664.
2, 3, 19
What are the prime factors of 1023?
3, 11, 31
What are the prime factors of 1986?
2, 3, 331
What are the prime factors of 43699?
89, 491
What are the prime factors of 559?
13, 43
List the prime factors of 1074.
2, 3, 179
What are the prime factors of 1669?
1669
List the prime factors of 1672.
2, 11, 19
List the prime factors of 30041.
11, 2731
What are the prime factors of 89206?
2, 13, 47, 73
List the prime factors of 536.
2, 67
List the prime factors of 25330.
2, 5, 17, 149
What are the prime factors of 22632?
2, 3, 23, 41
List the prime factors of 1599.
3, 13, 41
What are the prime factors of 1691?
19, 89
What are the prime factors of 71?
71
What are the prime factors of 2914?
2, 31, 47
List the prime factors of 40212.
2, 3, 1117
What are the prime factors of 101302?
2, 50651
What are the prime factors of 3679?
13, 283
What are the prime factors of 1050?
2, 3, 5, 7
List the prime factors of 90.
2, 3, 5
List the prime factors of 5067.
3, 563
What are the prime factors of 18404?
2, 43, 107
What are the prime factors of 323?
17, 19
What are the prime factors of 7262?
2, 3631
What are the prime factors of 158?
2, 79
What are the prime factors of 703?
19, 37
List the prime factors of 7054.
2, 3527
What are the prime factors of 15316?
2, 7, 547
What are the prime factors of 10814?
2, 5407
What are the prime factors of 5799?
3, 1933
What are the prime factors of 3582?
2, 3, 199
What are the prime factors of 15930?
2, 3, 5, 59
List the prime factors of 1088.
2, 17
What are the prime factors of 1947?
3, 11, 59
List the prime factors of 1026.
2, 3, 19
What are the prime factors of 32734?
2, 13, 1259
What are the prime factors of 7639?
7639
List the prime factors of 60801.
3, 13, 1559
What are the prime factors of 31686?
2, 3, 5281
What are the prime factors of 12433?
12433
What are the prime factors of 35?
5, 7
List the prime factors of 11851.
7, 1693
What are the prime factors of 6564?
2, 3, 547
What are the prime factors of 2591?
2591
List the prime factors of 125.
5
What are the prime factors of 365?
5, 73
List the prime factors of 3793.
3793
List the prime factors of 72611.
7, 11, 23, 41
What are the prime factors of 5999?
7, 857
List the prime factors of 2485.
5, 7, 71
List the prime factors of 114236.
2, 28559
What are the prime factors of 110062?
2, 113, 487
List the prime factors of 2001.
3, 23, 29
List the prime factors of 61956.
2, 3, 1721
List the prime factors of 3319.
3319
What are the prime factors of 717?
3, 239
What are the prime factors of 949?
13, 73
What are the prime factors of 10791?
3, 11, 109
List the prime factors of 1095.
3, 5, 73
List the prime factors of 27947.
27947
What are the prime factors of 773?
773
List the prime factors of 7898.
2, 11, 359
List the prime factors of 17.
17
What are the prime factors of 10840?
2, 5, 271
What are the prime factors of 63352?
2, 7919
What are the prime factors of 24928?
2, 19, 41
List the prime factors of 318.
2, 3, 53
List the prime factors of 168238.
2, 7, 61, 197
What are the prime factors of 920?
2, 5, 23
List the prime factors of 44097.
3, 14699
List the prime factors of 8676.
2, 3, 241
What are the prime factors of 2143?
2143
List the prime factors of 998.
2, 499
What are the prime factors of 38629?
38629
What are the prime factors of 76853?
7, 10979
What are the prime factors of 95?
5, 19
What are the prime factors of 891?
3, 11
What are the prime factors of 703?
19, 37
List the prime factors of 69.
3, 23
List the prime factors of 9377.
9377
What are the prime factors of 15399?
3, 29, 59
List the prime factors of 2627.
37, 71
List the prime factors of 11295.
3, 5, 251
List the prime factors of 63047.
67, 941
List the prime factors of 6908.
2, 11, 157
What are the prime factors of 1477?
7, 211
List the prime factors of 12780.
2, 3, 5, 71
What are the prime factors of 2282?
2, 7, 163
List the prime factors of 34382.
2, 17191
List the prime factors of 678.
2, 3, 113
List the prime factors of 2619.
3, 97
List the prime factors of 15880.
2, 5, 397
List the prime factors of 2542.
2, 31, 41
List the prime factors of 502.
2, 251
List the prime factors of 44087.
44087
List the prime factors of 27665.
5, 11, 503
List the prime factors of 449.
449
What are the prime factors of 1107?
3, 41
List the prime factors of 701.
701
What are the prime factors of 11380?
2, 5, 569
List the prime factors of 91137.
3, 17, 1787
What are the prime factors of 6662?
2, 3331
List the prime factors of 939.
3, 313
List the prime factors of 1734.
2, 3, 17
What are the prime factors of 243?
3
List the prime factors of 6248.
2, 11, 71
What are the prime factors of 2117?
29, 73
List the prime factors of 770.
2, 5, 7, 11
What are the prime factors of 11244?
2, 3, 937
List the prime factors of 8863.
8863
What are the prime factors of 296?
2, 37
List the prime factors of 7419.
3, 2473
What are the prime factors of 148937?
17, 8761
What are the prime factors of 22068?
2, 3, 613
What are the prime factors of 16312?
2, 2039
List the prime factors of 633.
3, 211
List the prime factors of 42910.
2, 5, 7, 613
List the prime factors of 229.
229
What are the prime factors of 507?
3, 13
What are the prime factors of 1476?
2, 3, 41
What are the prime factors of 68845?
5, 7, 281
List the prime factors of 136515.
3, 5, 19, 479
What are the prime factors of 858?
2, 3, 11, 13
What are the prime factors of 3012?
2, 3, 251
List the prime factors of 1116.
2, 3, 31
What are the prime factors of 18408?
2, 3, 13, 59
What are the prime factors of 17585?
5, 3517
List the prime factors of 66891.
3, 11, 2027
List the prime factors of 54.
2, 3
List the prime factors of 5011.
5011
What are the prime factors of 24221?
53, 457
What are the prime factors of 24100?
2, 5, 241
What are the prime factors of 92725?
5, 3709
List the prime factors of 3333.
3, 11, 101
List the prime factors of 80271.
3, 991
What are the prime factors of 10707?
3, 43, 83
List the prime factors of 13865.
5, 47, 59
List the prime factors of 34378.
2, 17189
L